{"id":150,"date":"2018-08-06T21:24:24","date_gmt":"2018-08-06T19:24:24","guid":{"rendered":"http:\/\/mkradio.de\/blumensaat\/?page_id=150"},"modified":"2018-11-19T11:49:00","modified_gmt":"2018-11-19T10:49:00","slug":"front-page","status":"publish","type":"page","link":"https:\/\/mkradio.de\/blumensaat\/","title":{"rendered":"Front page"},"content":{"rendered":"<section class=\"shortcode\"><\/section>\n<div class=\"row text-center\" style=\"padding: 75px 0 55px\">\n<div class=\"col-md-4\">\n<div class=\"info hestia-info\">\n<h4 class=\"info-title\">Schnelle Strecke<\/h4>\n<p>Am Ufer des Baldeneysees sind zum Saisonende neue Bestzeiten erreichbar!<\/p>\n<\/div>\n<\/div>\n<div class=\"col-md-4\">\n<div class=\"info hestia-info\">\n<div class=\"icon\" style=\"color: #008ed6\"><i class=\"fa icon-aim\"><\/i><\/div>\n<h4 class=\"info-title\">Top Verpflegung<\/h4>\n<p>Alle L\u00e4ufer werden vor, w\u00e4hrend und nach dem Lauf perfekt versorgt!<\/p>\n<\/div>\n<\/div>\n<div class=\"col-md-4\">\n<div class=\"info hestia-info\">\n<div class=\"icon\" style=\"color: #008ed6\"><i class=\"fa icon-speech-streamline-talk-user\"><\/i><\/div>\n<h4 class=\"info-title\">Mega Stimmung<\/h4>\n<p>Der Blumensaatlauf ist eine gro\u00dfe Sportparty und Stimmung an der Strecke ist garantiert!<\/p>\n<\/div>\n<\/div>\n<\/div>\n<div class=\"row\"><\/div>\n","protected":false},"excerpt":{"rendered":"<p>Schnelle Strecke Am Ufer des Baldeneysees sind zum Saisonende neue Bestzeiten erreichbar! Top Verpflegung Alle L\u00e4ufer werden vor, w\u00e4hrend und nach dem Lauf perfekt versorgt! Mega Stimmung Der Blumensaatlauf ist eine gro\u00dfe Sportparty und Stimmung an der Strecke ist garantiert!<\/p>\n","protected":false},"author":1,"featured_media":0,"parent":0,"menu_order":0,"comment_status":"closed","ping_status":"closed","template":"","meta":{"jetpack_post_was_ever_published":false,"footnotes":""},"class_list":["post-150","page","type-page","status-publish","hentry"],"jetpack_sharing_enabled":true,"jetpack_shortlink":"https:\/\/wp.me\/Pa9Fl3-2q","_links":{"self":[{"href":"https:\/\/mkradio.de\/blumensaat\/index.php?rest_route=\/wp\/v2\/pages\/150","targetHints":{"allow":["GET"]}}],"collection":[{"href":"https:\/\/mkradio.de\/blumensaat\/index.php?rest_route=\/wp\/v2\/pages"}],"about":[{"href":"https:\/\/mkradio.de\/blumensaat\/index.php?rest_route=\/wp\/v2\/types\/page"}],"author":[{"embeddable":true,"href":"https:\/\/mkradio.de\/blumensaat\/index.php?rest_route=\/wp\/v2\/users\/1"}],"replies":[{"embeddable":true,"href":"https:\/\/mkradio.de\/blumensaat\/index.php?rest_route=%2Fwp%2Fv2%2Fcomments&post=150"}],"version-history":[{"count":5,"href":"https:\/\/mkradio.de\/blumensaat\/index.php?rest_route=\/wp\/v2\/pages\/150\/revisions"}],"predecessor-version":[{"id":201,"href":"https:\/\/mkradio.de\/blumensaat\/index.php?rest_route=\/wp\/v2\/pages\/150\/revisions\/201"}],"wp:attachment":[{"href":"https:\/\/mkradio.de\/blumensaat\/index.php?rest_route=%2Fwp%2Fv2%2Fmedia&parent=150"}],"curies":[{"name":"wp","href":"https:\/\/api.w.org\/{rel}","templated":true}]}}